[INFO] cloning repository https://github.com/xxuejie/ckb-boxer
[INFO] running `Command { std: "git" "-c" "credential.helper=" "-c" "credential.helper=/workspace/cargo-home/bin/git-credential-null" "clone" "--bare" "https://github.com/xxuejie/ckb-boxer" "/workspace/cache/git-repos/https%3A%2F%2Fgithub.com%2Fxxuejie%2Fckb-boxer", kill_on_drop: false }`
[INFO] [stderr] Cloning into bare repository '/workspace/cache/git-repos/https%3A%2F%2Fgithub.com%2Fxxuejie%2Fckb-boxer'...
[INFO] running `Command { std: "git" "rev-parse" "HEAD", kill_on_drop: false }`
[INFO] [stdout] 94aa2f22cd457ac16818565a2439db6fa9fe6f7b
[INFO] checking xxuejie/ckb-boxer against try#72f88fc4e9458f89516a0b8b0868f3718aec5b47 for pr-74989
[INFO] running `Command { std: "git" "clone" "/workspace/cache/git-repos/https%3A%2F%2Fgithub.com%2Fxxuejie%2Fckb-boxer" "/workspace/builds/worker-10/source", kill_on_drop: false }`
[INFO] [stderr] Cloning into '/workspace/builds/worker-10/source'...
[INFO] [stderr] done.
[INFO] validating manifest of git repo https://github.com/xxuejie/ckb-boxer on toolchain 72f88fc4e9458f89516a0b8b0868f3718aec5b47
[INFO] running `Command { std: "/workspace/cargo-home/bin/cargo" "+72f88fc4e9458f89516a0b8b0868f3718aec5b47" "read-manifest" "--manifest-path" "Cargo.toml", kill_on_drop: false }`
[INFO] started tweaking git repo https://github.com/xxuejie/ckb-boxer
[INFO] finished tweaking git repo https://github.com/xxuejie/ckb-boxer
[INFO] tweaked toml for git repo https://github.com/xxuejie/ckb-boxer written to /workspace/builds/worker-10/source/Cargo.toml
[INFO] running `Command { std: "/workspace/cargo-home/bin/cargo" "+72f88fc4e9458f89516a0b8b0868f3718aec5b47" "generate-lockfile" "--manifest-path" "Cargo.toml" "-Zno-index-update", kill_on_drop: false }`
[INFO] [stderr]     Updating git repository `https://github.com/nervosnetwork/ckb`
[INFO] [stderr]     Updating git submodule `https://github.com/nervosnetwork/ckb-tests.git`
[INFO] [stderr]     Updating git repository `https://github.com/nervosnetwork/lru-cache`
[INFO] [stderr]     Updating git repository `https://github.com/nervosnetwork/linked-hash-map`
[INFO] running `Command { std: "/workspace/cargo-home/bin/cargo" "+72f88fc4e9458f89516a0b8b0868f3718aec5b47" "fetch" "--locked" "--manifest-path" "Cargo.toml", kill_on_drop: false }`
[INFO] [stderr]  Downloading crates ...
[INFO] [stderr]   Downloaded secp256k1 v0.17.2
[INFO] [stderr]   Downloaded owning_ref v0.4.1
[INFO] [stderr]   Downloaded js-sys v0.3.45
[INFO] [stderr]   Downloaded wasm-bindgen-macro-support v0.2.68
[INFO] [stderr]   Downloaded wasm-bindgen-shared v0.2.68
[INFO] [stderr]   Downloaded ckb-rocksdb v0.13.0
[INFO] [stderr]   Downloaded serde_plain v0.3.0
[INFO] [stderr]   Downloaded includedir_codegen v0.5.0
[INFO] [stderr]   Downloaded xmltree v0.8.0
[INFO] [stderr]   Downloaded jsonrpc-core v14.2.0
[INFO] [stderr]   Downloaded eaglesong v0.1.0
[INFO] [stderr]   Downloaded faketime v0.2.0
[INFO] [stderr]   Downloaded uname v0.1.1
[INFO] [stderr]   Downloaded merkle-cbt v0.2.2
[INFO] [stderr]   Downloaded wasm-bindgen-macro v0.2.68
[INFO] [stderr]   Downloaded error-chain v0.12.4
[INFO] [stderr]   Downloaded path-clean v0.1.0
[INFO] [stderr]   Downloaded sized-chunks v0.1.3
[INFO] [stderr]   Downloaded hashbrown v0.9.0
[INFO] [stderr]   Downloaded bs58 v0.3.1
[INFO] [stderr]   Downloaded tentacle-secio v0.4.0
[INFO] [stderr]   Downloaded crossbeam-channel v0.4.4
[INFO] [stderr]   Downloaded ckb-vm-definitions v0.19.1
[INFO] [stderr]   Downloaded faster-hex v0.3.1
[INFO] [stderr]   Downloaded sha2 v0.8.2
[INFO] [stderr]   Downloaded sentry v0.16.0
[INFO] [stderr]   Downloaded scroll_derive v0.10.2
[INFO] [stderr]   Downloaded im v12.3.4
[INFO] [stderr]   Downloaded tentacle v0.3.0
[INFO] [stderr]   Downloaded goblin v0.2.3
[INFO] [stderr]   Downloaded rayon v1.4.0
[INFO] [stderr]   Downloaded reqwest v0.9.24
[INFO] [stderr]   Downloaded wasm-bindgen v0.2.68
[INFO] [stderr]   Downloaded secp256k1-sys v0.1.2
[INFO] [stderr]   Downloaded openssl v0.10.30
[INFO] [stderr]   Downloaded goblin v0.1.3
[INFO] [stderr]   Downloaded sentry-types v0.11.0
[INFO] [stderr]   Downloaded includedir v0.5.0
[INFO] [stderr]   Downloaded attohttpc v0.4.5
[INFO] [stderr]   Downloaded tentacle-multiaddr v0.1.0
[INFO] [stderr]   Downloaded rayon-core v1.8.0
[INFO] [stderr]   Downloaded wasm-bindgen-backend v0.2.68
[INFO] [stderr]   Downloaded derive_more v0.99.10
[INFO] [stderr]   Downloaded indexmap v1.6.0
[INFO] [stderr]   Downloaded getrandom v0.1.15
[INFO] [stderr]   Downloaded either v1.6.0
[INFO] [stderr]   Downloaded molecule v0.6.0
[INFO] [stderr]   Downloaded unsigned-varint v0.3.3
[INFO] [stderr]   Downloaded tokio-yamux v0.2.5
[INFO] [stderr]   Downloaded httpdate v0.3.2
[INFO] [stderr]   Downloaded debugid v0.4.0
[INFO] [stderr]   Downloaded stable_deref_trait v1.2.0
[INFO] [stderr]   Downloaded web-sys v0.3.45
[INFO] [stderr]   Downloaded ring v0.16.12
[INFO] [stderr]   Downloaded ckb-system-scripts v0.5.1
[INFO] [stderr]   Downloaded igd v0.9.1
[INFO] [stderr]   Downloaded ckb-vm v0.19.1
[INFO] [stderr]   Downloaded ckb-librocksdb-sys v6.7.4
[INFO] running `Command { std: "docker" "create" "-v" "/var/lib/crater-agent-workspace/builds/worker-10/target:/opt/rustwide/target:rw,Z" "-v" "/var/lib/crater-agent-workspace/builds/worker-10/source:/opt/rustwide/workdir:ro,Z" "-v" "/var/lib/crater-agent-workspace/cargo-home:/opt/rustwide/cargo-home:ro,Z" "-v" "/var/lib/crater-agent-workspace/rustup-home:/opt/rustwide/rustup-home:ro,Z" "-e" "SOURCE_DIR=/opt/rustwide/workdir" "-e" "CARGO_TARGET_DIR=/opt/rustwide/target" "-e" "CARGO_HOME=/opt/rustwide/cargo-home" "-e" "RUSTUP_HOME=/opt/rustwide/rustup-home" "-w" "/opt/rustwide/workdir" "-m" "1610612736" "--user" "0:0" "--network" "none" "rustops/crates-build-env@sha256:d92eaeed33fa75130ca1ee6c8a01d1ffb62bac859dfdfb3450e3e5d1c0146529" "/opt/rustwide/cargo-home/bin/cargo" "+72f88fc4e9458f89516a0b8b0868f3718aec5b47" "metadata" "--no-deps" "--format-version=1", kill_on_drop: false }`
[INFO] [stdout] cca0e1a7f800bcedb20fa25d6e2ace6522db046bfbe5d29fc5a102b99d2ae2e6
[INFO] [stderr] WARNING: Your kernel does not support swap limit capabilities or the cgroup is not mounted. Memory limited without swap.
[INFO] running `Command { std: "docker" "start" "-a" "cca0e1a7f800bcedb20fa25d6e2ace6522db046bfbe5d29fc5a102b99d2ae2e6", kill_on_drop: false }`
[INFO] running `Command { std: "docker" "inspect" "cca0e1a7f800bcedb20fa25d6e2ace6522db046bfbe5d29fc5a102b99d2ae2e6", kill_on_drop: false }`
[INFO] running `Command { std: "docker" "rm" "-f" "cca0e1a7f800bcedb20fa25d6e2ace6522db046bfbe5d29fc5a102b99d2ae2e6", kill_on_drop: false }`
[INFO] [stdout] cca0e1a7f800bcedb20fa25d6e2ace6522db046bfbe5d29fc5a102b99d2ae2e6
[INFO] running `Command { std: "docker" "create" "-v" "/var/lib/crater-agent-workspace/builds/worker-10/target:/opt/rustwide/target:rw,Z" "-v" "/var/lib/crater-agent-workspace/builds/worker-10/source:/opt/rustwide/workdir:ro,Z" "-v" "/var/lib/crater-agent-workspace/cargo-home:/opt/rustwide/cargo-home:ro,Z" "-v" "/var/lib/crater-agent-workspace/rustup-home:/opt/rustwide/rustup-home:ro,Z" "-e" "SOURCE_DIR=/opt/rustwide/workdir" "-e" "CARGO_TARGET_DIR=/opt/rustwide/target" "-e" "CARGO_INCREMENTAL=0" "-e" "RUST_BACKTRACE=full" "-e" "RUSTFLAGS=--cap-lints=forbid" "-e" "CARGO_HOME=/opt/rustwide/cargo-home" "-e" "RUSTUP_HOME=/opt/rustwide/rustup-home" "-w" "/opt/rustwide/workdir" "-m" "1610612736" "--user" "0:0" "--network" "none" "rustops/crates-build-env@sha256:d92eaeed33fa75130ca1ee6c8a01d1ffb62bac859dfdfb3450e3e5d1c0146529" "/opt/rustwide/cargo-home/bin/cargo" "+72f88fc4e9458f89516a0b8b0868f3718aec5b47" "check" "--frozen" "--all" "--all-targets" "--message-format=json", kill_on_drop: false }`
[INFO] [stdout] 3b5468d0ab88b322ae7853f0343fa99f8be8f26ec0bd07fd7721e58320c8b849
[INFO] [stderr] WARNING: Your kernel does not support swap limit capabilities or the cgroup is not mounted. Memory limited without swap.
[INFO] running `Command { std: "docker" "start" "-a" "3b5468d0ab88b322ae7853f0343fa99f8be8f26ec0bd07fd7721e58320c8b849", kill_on_drop: false }`
[INFO] [stderr]    Compiling libc v0.2.77
[INFO] [stderr]    Compiling autocfg v1.0.1
[INFO] [stderr]    Compiling proc-macro2 v1.0.21
[INFO] [stderr]    Compiling unicode-xid v0.2.1
[INFO] [stderr]    Compiling cfg-if v0.1.10
[INFO] [stderr]    Compiling maybe-uninit v2.0.0
[INFO] [stderr]    Compiling serde_derive v1.0.116
[INFO] [stderr]    Compiling serde v1.0.116
[INFO] [stderr]    Compiling lazy_static v1.4.0
[INFO] [stderr]    Compiling rand_core v0.4.2
[INFO] [stderr]    Compiling autocfg v0.1.7
[INFO] [stderr]    Compiling log v0.4.11
[INFO] [stderr]    Compiling proc-macro2 v0.4.30
[INFO] [stderr]    Compiling unicode-xid v0.1.0
[INFO] [stderr]    Compiling syn v0.15.44
[INFO] [stderr]    Compiling byteorder v1.3.4
[INFO] [stderr]    Compiling semver-parser v0.7.0
[INFO] [stderr]     Checking adler v0.2.3
[INFO] [stderr]    Compiling rustc-demangle v0.1.16
[INFO] [stderr]     Checking gimli v0.22.0
[INFO] [stderr]     Checking futures v0.1.29
[INFO] [stderr]     Checking object v0.20.0
[INFO] [stderr]     Checking slab v0.4.2
[INFO] [stderr]    Compiling heapsize v0.4.2
[INFO] [stderr]    Compiling crc32fast v1.2.0
[INFO] [stderr]     Checking itoa v0.4.6
[INFO] [stderr]     Checking matches v0.1.8
[INFO] [stderr]     Checking tinyvec v0.3.4
[INFO] [stderr]    Compiling faster-hex v0.4.1
[INFO] [stderr]    Compiling version_check v0.9.2
[INFO] [stderr]    Compiling unicode-xid v0.0.4
[INFO] [stderr]     Checking scopeguard v1.1.0
[INFO] [stderr]    Compiling bitflags v1.2.1
[INFO] [stderr]     Checking once_cell v1.4.1
[INFO] [stderr]    Compiling quote v0.3.15
[INFO] [stderr]    Compiling pkg-config v0.3.18
[INFO] [stderr]     Checking percent-encoding v1.0.1
[INFO] [stderr]    Compiling siphasher v0.2.3
[INFO] [stderr]    Compiling typenum v1.12.0
[INFO] [stderr]    Compiling ryu v1.0.5
[INFO] [stderr]    Compiling serde_json v1.0.57
[INFO] [stderr]    Compiling getrandom v0.1.15
[INFO] [stderr]    Compiling openssl v0.10.30
[INFO] [stderr]     Checking foreign-types-shared v0.1.1
[INFO] [stderr]     Checking regex-syntax v0.6.18
[INFO] [stderr]    Compiling same-file v1.0.6
[INFO] [stderr]    Compiling httparse v1.3.4
[INFO] [stderr]     Checking futures-core v0.3.5
[INFO] [stderr]     Checking bit-vec v0.5.1
[INFO] [stderr]    Compiling faster-hex v0.3.1
[INFO] [stderr]     Checking ppv-lite86 v0.2.9
[INFO] [stderr]     Checking percent-encoding v2.1.0
[INFO] [stderr]    Compiling native-tls v0.2.4
[INFO] [stderr]     Checking try-lock v0.2.3
[INFO] [stderr]    Compiling pin-project-internal v0.4.23
[INFO] [stderr]     Checking openssl-probe v0.1.2
[INFO] [stderr]     Checking futures-sink v0.3.5
[INFO] [stderr]     Checking scopeguard v0.3.3
[INFO] [stderr]     Checking remove_dir_all v0.5.3
[INFO] [stderr]     Checking linked-hash-map v0.5.1 (https://github.com/nervosnetwork/linked-hash-map?rev=df27f21#df27f219)
[INFO] [stderr]     Checking httpdate v0.3.2
[INFO] [stderr]     Checking byte-tools v0.3.1
[INFO] [stderr]     Checking ansi_term v0.12.1
[INFO] [stderr]     Checking eaglesong v0.1.0
[INFO] [stderr]     Checking fake-simd v0.1.2
[INFO] [stderr]     Checking spin v0.5.2
[INFO] [stderr]     Checking opaque-debug v0.2.3
[INFO] [stderr]     Checking unsigned-varint v0.3.3
[INFO] [stderr]    Compiling tentacle-secio v0.4.0
[INFO] [stderr]     Checking unicode-width v0.1.8
[INFO] [stderr]     Checking strsim v0.8.0
[INFO] [stderr]     Checking vec_map v0.8.2
[INFO] [stderr]     Checking ansi_term v0.11.0
[INFO] [stderr]     Checking ckb-build-info v0.34.2 (https://github.com/nervosnetwork/ckb?tag=v0.34.2#398bd3c8)
[INFO] [stderr]    Compiling ckb-script v0.34.2 (https://github.com/nervosnetwork/ckb?tag=v0.34.2#398bd3c8)
[INFO] [stderr]     Checking ckb-vm-definitions v0.19.1
[INFO] [stderr]     Checking arc-swap v0.4.7
[INFO] [stderr]    Compiling merkle-cbt v0.2.2
[INFO] [stderr]     Checking try_from v0.3.2
[INFO] [stderr]     Checking crossbeam-utils v0.6.6
[INFO] [stderr]     Checking thread_local v1.0.1
[INFO] [stderr]     Checking rand_core v0.3.1
[INFO] [stderr]     Checking rand_jitter v0.1.4
[INFO] [stderr]    Compiling semver v0.9.0
[INFO] [stderr]     Checking unicode-bidi v0.3.4
[INFO] [stderr]    Compiling rand_pcg v0.1.2
[INFO] [stderr]    Compiling rand_chacha v0.1.1
[INFO] [stderr]    Compiling rand v0.6.5
[INFO] [stderr]    Compiling synom v0.11.3
[INFO] [stderr]     Checking lock_api v0.3.4
[INFO] [stderr]    Compiling crossbeam-utils v0.7.2
[INFO] [stderr]    Compiling memoffset v0.5.5
[INFO] [stderr]    Compiling crossbeam-epoch v0.8.2
[INFO] [stderr]    Compiling rayon v1.4.0
[INFO] [stderr]    Compiling miniz_oxide v0.4.2
[INFO] [stderr]    Compiling indexmap v1.6.0
[INFO] [stderr]    Compiling num-traits v0.2.12
[INFO] [stderr]    Compiling num-integer v0.1.43
[INFO] [stderr]     Checking unicode-normalization v0.1.13
[INFO] [stderr]     Checking futures-task v0.3.5
[INFO] [stderr]    Compiling phf_shared v0.7.24
[INFO] [stderr]     Checking foreign-types v0.3.2
[INFO] [stderr]    Compiling walkdir v2.3.1
[INFO] [stderr]    Compiling unicase v2.6.0
[INFO] [stderr]    Compiling error-chain v0.12.4
[INFO] [stderr]     Checking owning_ref v0.4.1
[INFO] [stderr]     Checking futures-channel v0.3.5
[INFO] [stderr]     Checking block-padding v0.1.5
[INFO] [stderr]     Checking lru-cache v0.1.0 (https://github.com/nervosnetwork/lru-cache?rev=a35fdb8#a35fdb81)
[INFO] [stderr]     Checking textwrap v0.11.0
[INFO] [stderr]     Checking rand_hc v0.1.0
[INFO] [stderr]     Checking rand_isaac v0.1.1
[INFO] [stderr]     Checking rand_xorshift v0.1.1
[INFO] [stderr]     Checking tokio-sync v0.1.8
[INFO] [stderr]     Checking crossbeam-channel v0.3.9
[INFO] [stderr]    Compiling rustc_version v0.2.3
[INFO] [stderr]    Compiling syn v0.11.11
[INFO] [stderr]     Checking encoding_rs v0.8.24
[INFO] [stderr]    Compiling phf v0.7.24
[INFO] [stderr]     Checking lock_api v0.1.5
[INFO] [stderr]     Checking aho-corasick v0.7.13
[INFO] [stderr]     Checking smallvec v0.6.13
[INFO] [stderr]     Checking want v0.2.0
[INFO] [stderr]     Checking addr2line v0.13.0
[INFO] [stderr]    Compiling quote v0.6.13
[INFO] [stderr]     Checking base64 v0.10.1
[INFO] [stderr]     Checking quote v1.0.7
[INFO] [stderr]     Checking xml-rs v0.7.0
[INFO] [stderr]    Compiling parking_lot_core v0.6.2
[INFO] [stderr]    Compiling parking_lot v0.9.0
[INFO] [stderr]    Compiling hyper v0.12.35
[INFO] [stderr]    Compiling parking_lot_core v0.4.0
[INFO] [stderr]    Compiling im v12.3.4
[INFO] [stderr]    Compiling sentry v0.16.0
[INFO] [stderr]    Compiling num_cpus v1.13.0
[INFO] [stderr]    Compiling rand v0.5.6
[INFO] [stderr]    Compiling rand_os v0.1.3
[INFO] [stderr]     Checking idna v0.1.5
[INFO] [stderr]     Checking idna v0.2.0
[INFO] [stderr]     Checking iovec v0.1.4
[INFO] [stderr]     Checking net2 v0.2.35
[INFO] [stderr]     Checking time v0.1.44
[INFO] [stderr]     Checking atty v0.2.14
[INFO] [stderr]     Checking hostname v0.1.5
[INFO] [stderr]     Checking uname v0.1.1
[INFO] [stderr]     Checking rand v0.4.6
[INFO] [stderr]     Checking memmap v0.7.0
[INFO] [stderr]    Compiling syn v1.0.41
[INFO] [stderr]    Compiling crossbeam-channel v0.4.4
[INFO] [stderr]     Checking tokio-executor v0.1.10
[INFO] [stderr]     Checking crossbeam-queue v0.2.3
[INFO] [stderr]     Checking sized-chunks v0.1.3
[INFO] [stderr]     Checking generic-array v0.12.3
[INFO] [stderr]    Compiling backtrace v0.3.50
[INFO] [stderr]    Compiling flate2 v1.0.17
[INFO] [stderr]     Checking xmltree v0.8.0
[INFO] [stderr]     Checking regex v1.3.9
[INFO] [stderr]     Checking bytes v0.4.12
[INFO] [stderr]    Compiling mime_guess v2.0.3
[INFO] [stderr]     Checking futures-cpupool v0.1.8
[INFO] [stderr]     Checking clap v2.33.3
[INFO] [stderr]     Checking rand_core v0.5.1
[INFO] [stderr]     Checking mio v0.6.22
[INFO] [stderr]     Checking url v1.7.2
[INFO] [stderr]     Checking url v2.1.1
[INFO] [stderr]     Checking tokio-current-thread v0.1.7
[INFO] [stderr]     Checking tokio-timer v0.2.13
[INFO] [stderr]    Compiling crossbeam-deque v0.7.3
[INFO] [stderr]     Checking digest v0.8.1
[INFO] [stderr]     Checking block-buffer v0.7.3
[INFO] [stderr]    Compiling includedir v0.5.0
[INFO] [stderr]    Compiling phf_generator v0.7.24
[INFO] [stderr]     Checking rand_chacha v0.2.2
[INFO] [stderr]     Checking http v0.1.21
[INFO] [stderr]     Checking tokio-io v0.1.13
[INFO] [stderr]     Checking string v0.2.1
[INFO] [stderr]     Checking tokio-buf v0.1.1
[INFO] [stderr]     Checking env_logger v0.6.2
[INFO] [stderr]    Compiling enum-display-derive v0.1.0
[INFO] [stderr]    Compiling rayon-core v1.8.0
[INFO] [stderr]     Checking sha2 v0.8.2
[INFO] [stderr]     Checking tokio-threadpool v0.1.18
[INFO] [stderr]    Compiling phf_codegen v0.7.24
[INFO] [stderr]     Checking cookie v0.12.0
[INFO] [stderr]     Checking publicsuffix v1.5.4
[INFO] [stderr]     Checking rand v0.7.3
[INFO] [stderr]    Compiling includedir_codegen v0.5.0
[INFO] [stderr]     Checking tokio-reactor v0.1.12
[INFO] [stderr]     Checking parking_lot v0.7.1
[INFO] [stderr]     Checking tokio-tcp v0.1.4
[INFO] [stderr]     Checking ckb-util v0.34.2 (https://github.com/nervosnetwork/ckb?tag=v0.34.2#398bd3c8)
[INFO] [stderr]     Checking tokio v0.1.22
[INFO] [stderr]     Checking tempfile v3.1.0
[INFO] [stderr]     Checking http-body v0.1.0
[INFO] [stderr]     Checking h2 v0.1.26
[INFO] [stderr]     Checking attohttpc v0.4.5
[INFO] [stderr]     Checking faketime v0.2.0
[INFO] [stderr]     Checking igd v0.9.1
[INFO] [stderr]    Compiling numext-constructor v0.1.4
[INFO] [stderr]    Compiling cc v1.0.41
[INFO] [stderr]    Compiling synstructure v0.12.4
[INFO] [stderr]    Compiling blake2b-rs v0.1.5
[INFO] [stderr]    Compiling openssl-sys v0.9.58
[INFO] [stderr]    Compiling secp256k1-sys v0.1.2
[INFO] [stderr]    Compiling ring v0.16.12
[INFO] [stderr]    Compiling ckb-librocksdb-sys v6.7.4
[INFO] [stderr]    Compiling ckb-vm v0.19.1
[INFO] [stderr]     Checking ckb-hash v0.34.2 (https://github.com/nervosnetwork/ckb?tag=v0.34.2#398bd3c8)
[INFO] [stderr]    Compiling failure_derive v0.1.8
[INFO] [stderr]    Compiling tokio-macros v0.2.5
[INFO] [stderr]    Compiling futures-macro v0.3.5
[INFO] [stderr]    Compiling thiserror-impl v1.0.20
[INFO] [stderr]    Compiling scroll_derive v0.10.2
[INFO] [stderr]    Compiling derive_more v0.99.10
[INFO] [stderr]    Compiling ckb-system-scripts v0.5.1
[INFO] [stderr]     Checking secp256k1 v0.17.2
[INFO] [stderr] error: could not compile `numext-constructor`.
[INFO] [stderr] 
[INFO] [stderr] Caused by:
[INFO] [stderr]   process didn't exit successfully: `rustc --crate-name numext_constructor --edition=2018 /opt/rustwide/cargo-home/registry/src/github.com-1ecc6299db9ec823/numext-constructor-0.1.4/src/lib.rs --error-format=json --json=diagnostic-rendered-ansi --crate-type proc-macro --emit=dep-info,link -C prefer-dynamic -C embed-bitcode=no -C debuginfo=2 -C metadata=d3d14e0275610f2a -C extra-filename=-d3d14e0275610f2a --out-dir /opt/rustwide/target/debug/deps -L dependency=/opt/rustwide/target/debug/deps --extern proc_macro2=/opt/rustwide/target/debug/deps/libproc_macro2-14b87d0cfb3a3067.rlib --extern quote=/opt/rustwide/target/debug/deps/libquote-3ab6671852ca27d4.rlib --extern syn=/opt/rustwide/target/debug/deps/libsyn-3f67b7b8660294b4.rlib --extern proc_macro --cap-lints allow --cap-lints=forbid` (signal: 9, SIGKILL: kill)
[INFO] [stderr] warning: build failed, waiting for other jobs to finish...
[INFO] [stderr] The following warnings were emitted during compilation:
[INFO] [stderr] 
[INFO] [stderr] warning: c++: fatal error: Killed signal terminated program cc1plus
[INFO] [stderr] warning: compilation terminated.
[INFO] [stderr] warning: c++: fatal error: Killed signal terminated program cc1plus
[INFO] [stderr] warning: compilation terminated.
[INFO] [stderr] warning: c++: fatal error: Killed signal terminated program cc1plus
[INFO] [stderr] warning: compilation terminated.
[INFO] [stderr] warning: c++: fatal error: Killed signal terminated program cc1plus
[INFO] [stderr] warning: compilation terminated.
[INFO] [stderr] warning: c++: fatal error: Killed signal terminated program cc1plus
[INFO] [stderr] warning: compilation terminated.
[INFO] [stderr] warning: c++: fatal error: Killed signal terminated program cc1plus
[INFO] [stderr] warning: compilation terminated.
[INFO] [stderr] warning: c++: fatal error: Killed signal terminated program cc1plus
[INFO] [stderr] warning: compilation terminated.
[INFO] [stderr] warning: c++: fatal error: Killed signal terminated program cc1plus
[INFO] [stderr] warning: compilation terminated.
[INFO] [stderr] warning: c++: fatal error: Killed signal terminated program cc1plus
[INFO] [stderr] warning: compilation terminated.
[INFO] [stderr] warning: c++: fatal error: Killed signal terminated program cc1plus
[INFO] [stderr] warning: compilation terminated.
[INFO] [stderr] 
[INFO] [stderr] error: build failed
[INFO] running `Command { std: "docker" "inspect" "3b5468d0ab88b322ae7853f0343fa99f8be8f26ec0bd07fd7721e58320c8b849", kill_on_drop: false }`
[INFO] running `Command { std: "docker" "rm" "-f" "3b5468d0ab88b322ae7853f0343fa99f8be8f26ec0bd07fd7721e58320c8b849", kill_on_drop: false }`
[INFO] [stdout] 3b5468d0ab88b322ae7853f0343fa99f8be8f26ec0bd07fd7721e58320c8b849
